1632?
1
What is the tens digit of 354633?
3
What is the ten thousands digit of 40873796?
7
What is the ten thousands digit of 24291071?
9
What is the thousands digit of 4666858?
6
What is the ten thousands digit of 5708499?
0
What is the hundred thousands digit of 8855038?
8
What is the tens digit of 15419971?
7
What is the units digit of 176238?
8
What is the thousands digit of 505276?
5
What is the hundreds digit of 42113?
1
What is the ten thousands digit of 203992?
0
What is the units digit of 1028695?
5
What is the hundred thousands digit of 1018764?
0
What is the ten thousands digit of 6930310?
3
What is the ten thousands digit of 4606878?
0
What is the hundred thousands digit of 2368931?
3
What is the hundred thousands digit of 285742?
2
What is the units digit of 28092047?
7
What is the thousands digit of 17427?
7
What is the tens digit of 3682655?
5
What is the thousands digit of 728496?
8
What is the ten millions digit of 11061291?
1
What is the tens digit of 4123190?
9
What is the thousands digit of 67244?
7
What is the units digit of 1228192?
2
What is the thousands digit of 54050?
4
What is the millions digit of 12131909?
2
What is the ten thousands digit of 32682962?
8
What is the thousands digit of 480731?
0
What is the units digit of 1400307?
7
What is the units digit of 2084710?
0
What is the tens digit of 1010655?
5
What is the tens digit of 86075?
7
What is the hundred thousands digit of 1868588?
8
What is the thousands digit of 1853357?
3
What is the hundred thousands digit of 2629615?
6
What is the hundred thousands digit of 13301656?
3
What is the tens digit of 207027?
2
What is the millions digit of 14127162?
4
What is the units digit of 63364?
4
What is the tens digit of 62783?
8
What is the thousands digit of 4464267?
4
What is the tens digit of 7467?
6
What is the hundreds digit of 19744792?
7
What is the ten thousands digit of 1708957?
0
What is the tens digit of 13668813?
1
What is the hundreds digit of 9015810?
8
What is the ten millions digit of 13127489?
1
What is the units digit of 10631747?
7
What is the tens digit of 7873245?
4
What is the hundred thousands digit of 2342674?
3
What is the hundred thousands digit of 221194?
2
What is the thousands digit of 599461?
9
What is the units digit of 898725?
5
What is the units digit of 7487505?
5
What is the tens digit of 932374?
7
What is the millions digit of 27479614?
7
What is the ten millions digit of 15340777?
1
What is the units digit of 2332480?
0
What is the millions digit of 6695180?
6
What is the hundred thousands digit of 721019?
7
What is the hundreds digit of 45125?
1
What is the ten thousands digit of 5159560?
5
What is the units digit of 464341?
1
What is the ten thousands digit of 12858141?
5
What is the tens digit of 1580815?
1
What is the thousands digit of 11698832?
8
What is the hundreds digit of 1970768?
7
What is the hundred thousands digit of 856485?
8
What is the tens digit of 1006584?
8
What is the hundred thousands digit of 296584?
2
What is the thousands digit of 5884972?
4
What is the millions digit of 23654119?
3
What is the ten thousands digit of 198115?
9
What is the hundreds digit of 221443?
4
What is the hundred thousands digit of 586622?
5
What is the millions digit of 2589545?
2
What is the hundreds digit of 315146?
1
What is the hundreds digit of 27021534?
5
What is the millions digit of 1402527?
1
What is the units digit of 1218797?
7
What is the units digit of 1561388?
8
What is the units digit of 3017289?
9
What is the thousands digit of 181768?
1
What is the hundred thousands digit of 3215680?
2
What is the hundreds digit of 6599049?
0
What is the hundreds digit of 22116193?
1
What is the tens digit of 2177298?
9
What is the hundreds digit of 2636056?
0
What is the hundred thousands digit of 1429664?
4
What is the ten thousands digit of 457467?
5
What is the ten thousands digit of 28459?
2
What is the units digit of 945378?
8
What is the tens digit of 239009?
0
What is the hundreds digit of 16145529?
5
What is the hundred thousands digit of 18656073?
6
What is the hundreds digit of 9496716?
7
What is the ten millions digit of 18310217?
1
What is the units digit of 3792531?
1
What is the ten thousands digit of 5632711?
3
What is the units digit of 31395?
5
What is the units digit of 32875?
5
What is the units digit of 1964180?
0
What is the tens digit of 11460007?
0
What is the hundred thousands digit of 410980?
4
What is the units digit of 1528801?
1
What is the tens digit of 52505?
0
What is the hundreds digit of 12231?
2
What is the hundred thousands digit of 7853774?
8
What is the ten thousands digit of 92670?
9
What is the ten thousands digit of 833153?
3
What is the units digit of 81497?
7
What is the units digit of 194532?
2
What is the units digit of 8536521?
1
What is the thousands digit of 29715392?
5
What is the hundreds digit of 236766?
7
What is the tens digit of 4718515?
1
What is the hundreds digit of 1328964?
9
What is the hundreds digit of 109248?
2
What is the thousands digit of 671027?
1
What is the units digit of 544316?
6
What is the ten thousands digit of 1027536?
2
What is the tens digit of 908962?
6
What is the millions digit of 5470176?
5
What is the hundreds digit of 10296396?
3
What is the units digit of 286052?
2
What is the hundred thousands digit of 1275283?
2
What is the hundreds digit of 8396807?
8
What is the hundred thousands digit of 1100423?
1
What is the hundreds digit of 8150?
1
What is the ten thousands digit of 301399?
0
What is the thousands digit of 2806757?
6
What is the units digit of 214997?
7
What is the hundred thousands digit of 4573782?
5
What is the hundreds digit of 1239832?
8
What is the hundred thousands digit of 370748?
3
What is the thousands digit of 1548641?
8
What is the hundred thousands digit of 3414991?
4
What is the ten thousands digit of 873338?
7
What is the millions digit of 2680596?
2
What is the hundred thousands digit of 295285?
2
What is the hundreds digit of 328904?
9
What is the hundreds digit of 191937?
9
What is the ten thousands digit of 16107761?
0
What is the hundred thousands digit of 12671130?
6
What is the units digit of 32482872?
2
What is the thousands digit of 154335?
4
What is the millions digit of 1986545?
1
What is the hundreds digit of 2739325?
3
What is the millions digit of 7475824?
7
What is the thousands digit of 5047536?
7
What is the tens digit of 1019097?
9
What is the hundreds digit of 2335761?
7
What is the hundreds digit of 911399?
3
What is the units digit of 28868699?
9
What is the millions digit of 20635717?
0
What is the tens digit of 857177?
7
What is the units digit of 321016?
6
What is the units digit of 92314?
4
What is the tens digit of 18765?
6
What is the millions digit of 1294926?
1
What is the ten thousands digit of 44481781?
8
What is the units digit of 116568?
8
What is the hundreds digit of 627395?
3
What is the ten thousands digit of 1259101?
5
What is the tens digit of 264080?
8
What is the tens digit of 207968?
6
What is the units digit of 73590?
0
What is the tens digit of 7306773?
7
What is the millions digit of 7433714?
7
What is the ten thousands digit of 2210444?
1
What is the ten thousands digit of 6841815?
4
What is the tens digit of 155452?
5
What is the tens digit of 1771963?
6
What is the tens digit of 21410572?
7
What is the units digit of 930971?
1
What is the hundreds digit of 183827?
8
What is the units digit of 323722?
2
What is the hundred thousands digit of 3060974?
0
What is the hundreds digit of 508322?
3
What is the ten thousands digit of 17006444?
0
What is the units digit of 8321052?
2
What is the hundreds digit of 355662?
6
What is the tens digit of 12561?
6
What is the thousands digit of 1403650?
3
What is the units digit of 795488?
8
What is the thousands digit of 619328?
9
What is the ten thousands digit of 94865?
9
What is the tens digit of 83222?
2
What is the units digit of 264158?
8
What is the units digit of 450982?
2
What is the ten thousands digit of 272529?
7
What is the thousands digit of 7756647?
6
What is the ten thousands digit of 6739813?
3
What is the hundred thousands digit of 4926775?
9
What is the units digit of 187640?
0
What is the hundred thousands digit of 24346540